i is divided by 25?
9
Let k(p) = 4*p**2 + 26*p + 101. What is the remainder when k(-5) is divided by 39?
32
Let x be (81*1)/(5/5). Suppose 12*t = -613 - 167. Let u = x + t. Calculate the remainder when 56 is divided by u.
8
Suppose 241 = 60*s - 600 - 1739. Calculate the remainder when 5761 is divided by s.
42
Let b = -22117 + 23088. What is the remainder when b is divided by 47?
31
Suppose 4 = w - 27. Let j(q) = 485*q + 31576. Calculate the remainder when j(-65) is divided by w.
20
Let t be 2 + (-5 - -1)/(-2). Let v = 80754 - 80753. What is the remainder when (t/5)/((-2)/(-10)) is divided by v?
0
Suppose 0 = 4*n - 12 + 80. Let z = n - -39. What is the remainder when z is divided by ((-630)/50 + 11)/(1/(-5))?
6
Suppose -20 = -f + 4*l, 5*l + 95 = 2*f + 8*l. Let d = 59 - 99. What is the remainder when (-4)/(d/795)*2 is divided by f?
39
Suppose 0 = s - 5*n - 13, 0 = 2*s - 2*n - 9 - 1. Suppose s*q = 6 + 12. What is the remainder when 111 is divided by 9/q*(-92)/(-6)?
19
Let y = -5 - -5. Suppose -11*k + 231 = -y*k. What is the remainder when 228 is divided by k?
18
Suppose 4*a + 1 = c, 5*a - 3*c + 20 = 2*c. Let q be 104/a*(2 - 1). Suppose 5*g = 9*g - q. Calculate the remainder when g is divided by 6.
2
Let z(v) = v**3 - 60*v**2 - 53*v - 18. Calculate the remainder when 1428 is divided by z(61).
18
Suppose 48*c = 45*c + 9. Suppose -3*g - l = -c*l - 68, 0 = -4*g + 5*l + 86. What is the remainder when 165 is divided by g?
21
Calculate the remainder when 6*(-4)/12 + -6 + 83 is divided by 74.
1
Suppose -3*x = -4*m + 31, m = -m + 2. What is the remainder when 77 is divided by -3*1*x/12*4?
5
Suppose 41*g + 53*g + 344*g = 8322. What is the remainder when (-1)/3 + 112/3 is divided by g?
18
Suppose -31*l + 90*l - 364 = 46*l. What is the remainder when (0 - 105)*2/(-2) is divided by l?
21
Let f(n) = -n**2 + 8*n - 4. Let x be f(6). Let b(s) = -28*s**2 + 9*s + 1. Let m be b(x). What is the remainder when 3/(-2) + m/(-18) is divided by 24?
22
Let u = -27582 - -33604. What is the remainder when u is divided by 45?
37
Suppose -18*s + 106 = 538. Calculate the remainder when 182 + ((-47)/(-8) - 3/s) is divided by 10.
8
Suppose -7*p = 37*p - 9*p - 168980. Calculate the remainder when p is divided by 62.
54
Let y be ((-3)/9)/(2/(-366)). Suppose -2*z + y = -65. Calculate the remainder when z is divided by 23.
17
Let u(f) = -10*f**3 + 71*f**2 + f - 44. Calculate the remainder when 294 is divided by u(7).
6
Let i be -1 - 108 - 16/4. Let o = i + 223. Calculate the remainder when o is divided by 31.
17
Let j(q) = -2*q**2 - 46*q + 178. What is the remainder when 439 is divided by j(-26)?
21
Suppose 18517*u = 18511*u + 978. Calculate the remainder when 525 is divided by u.
36
Let h(q) = -q - 3. Let j be h(-5). Suppose j*l - 18 - 6 = 0. Let k(o) = o**3 + 6*o**2 - 4*o + 70. What is the remainder when k(-6) is divided by l?
10
Calculate the remainder when 1230 is divided by (-2135)/(-28) - (27/(-36) - 0).
75
Suppose 3*s = -2*s - 25. Let a(u) = 11*u + 37. Let n be a(s). What is the remainder when 137 is divided by 1/3 - 624/n?
32
Let w = -48 + 84. Let a(c) = -c**3 + 17*c**2 - 23*c - 37. Let z(f) = f - 1. Let r(g) = a(g) - 4*z(g). What is the remainder when r(14) is divided by w?
33
Suppose -4*u - 504 + 524 = 0, -5*o + 75 = u. Calculate the remainder when 64 is divided by o.
8
Let v(w) = -9*w**2 + 13*w - 39. Let l be v(8). Let n = 520 + l. Suppose 2*b + 5*g = 72, -8 = -b + 4*g + 15. Calculate the remainder when b is divided by n.
4
Let t = -44 - -62. What is the remainder when 200613/3029 - 3/13 is divided by t?
12
Let b(m) = 19*m + 578. Calculate the remainder when 826 is divided by b(-28).
44
Let s(p) = 85*p**2 + 3*p - 10. Calculate the remainder when s(-2) is divided by 30.
24
Suppose 112*o - 107*o = 485. What is the remainder when o is divided by 7?
6
Let x(v) = 6*v - 22. Let t be x(4). Let k(u) = 12*u - 6 - 24*u - 6 + t. Calculate the remainder when k(-7) is divided by 5.
4
Let d be (-231)/(-105) + (-1 - 8/(-10)). Suppose l = -d*b + 86, 5*l - 8 = -b + 26. Calculate the remainder when b is divided by 12.
8
Let c = -654 - -1028. Suppose 15*h = 1369 - 1084. Calculate the remainder when c is divided by h.
13
Let w = -7829 - -8304. What is the remainder when w is divided by 160?
155
Suppose -16 = -p + 3*f, 0*p + 2*f - 81 = -3*p. Let t(v) = -7*v - 100. What is the remainder when t(-21) is divided by p?
22
Suppose 3*l - 47 = 2*l. Suppose o - l = 69. Let u(n) = -88*n + 128. What is the remainder when o is divided by u(1)?
36
Suppose 115 - 118 = 3*j, 4*j = -y + 149. Calculate the remainder when y is divided by 42.
27
Let j = 287 - 283. Suppose -37 = -p - j. What is the remainder when 193 is divided by p?
28
Let v = 21515 + -20949. Calculate the remainder when v is divided by 65.
46
Let k = 108 + -106. Suppose c + 178 = k*c. What is the remainder when c is divided by 15?
13
Let t = -9850 + 9867. Suppose -3*a - 8 = a. Calculate the remainder when (-488)/(-10) - a/10 is divided by t.
15
Suppose -27 = -4*q + 4*h - 119, 4*q - 2*h = -102. What is the remainder when 283 is divided by 31 - q - (4/2)/1?
55
Suppose -13 - 30 = -3*o + 4*k, 0 = 4*o - 5*k - 56. Suppose o*i - 8*i + 57 = 4*m, 0 = 4*m + 5*i - 75. Calculate the remainder when 507 is divided by m.
12
Let s(t) = 10*t + 10. Let j be s(-2). Let a(q) = -8*q + 17. Let f be a(j). Let n = -60 + f. Calculate the remainder when n is divided by 21.
16
Suppose 0 = 18*b - 21*b - 15. Let p(q) = -14*q + 46. What is the remainder when p(b) is divided by ((-26)/4)/1*-6?
38
Let m(t) = t + 1. Let g be m(15). Suppose 76*s - 480 = g*s. What is the remainder when 36 is divided by s?
4
Suppose -m = 2*b - 352, -3*m = 8*b - 6*b - 1068. Let r = m + -315. Calculate the remainder when r is divided by 22.
21
Let l(m) = 73*m + 1025. Calculate the remainder when l(-6) is divided by 59.
56
Let i = -5381 - -5393. What is the remainder when 318 is divided by i?
6
Let g = 60 + -32. Let p = -97562 - -97575. What is the remainder when g is divided by p?
2
Suppose 3*v - 3*n - 2*n = 101, 0 = -v + 3*n + 35. What is the remainder when (1 + -4)*1*(11392/(-24))/16 is divided by v?
25
Let q = 156 - 81. Suppose 3*u - 153 = -5*i + i, 2*i + 3*u - q = 0. What is the remainder when 81 is divided by 793/i + (-4)/(-6)?
18
What is the remainder when (-640)/((-6 + 186/(-180)*-6)*-2) is divided by 36?
16
Let n = 29208 - 29195. What is the remainder when 4701 is divided by n?
8
Let g(p) = -p**3 - p**2 + 1257*p + 9781. Calculate the remainder when g(-8) is divided by 8*(-22)/(-12)*6.
85
Let b = -304 - -318. Calculate the remainder when 12/(-21)*(-245)/b is divided by 6.
4
Let i(o) = 22*o**3 + 2*o - 1. Let m(l) = -l**2 - l - 3. Let z be m(-10). Let f = z - -102. Calculate the remainder when i(2) is divided by f.
8
Let n = -18 + 57. Suppose -3*u = -234 - n. Let j = 96 - u. What is the remainder when 17 is divided by j?
2
What is the remainder when 5885 is divided by 1104/36 - (1 - 7/3)?
29
Let v = -15 + 27. Suppose 90 = 2*w + v. Suppose -2*m - 3*k + w = 0, 4*m - 17 = -4*k + 63. What is the remainder when m is divided by 6?
3
Let d = -33 + 39. Suppose 0 = -s + 64 - d. Suppose -4*p - 22 = -s. Calculate the remainder when 25 is divided by p.
7
Let u(h) = h**3 + 6*h**2 + 3*h - 5. Let j = -90312 - -90360. Calculate the remainder when j is divided by u(-5).
3
Let t be 6/(-7)*(4 - -3). Let x be t/18*(-101 - -2). Let p = x + -31. Calculate the remainder when p is divided by 1.
0
Suppose 5*d - 11 = 14. Calculate the remainder when (-2 - (-72)/(-9))/((-35)/(-14)) + 208 is divided by d.
4
Suppose 5*r - 156 = r. Suppose 0 = 4*j - 4*g - 16, -g + 4 = 3*j - 0*j. Calculate the remainder when r is divided by -1 - (-6 + (j - 0) - 5).
7
Suppose h - 29 = 2*j, -8*h - 5*j = -10*h + 54. Let y = -146 + 254. Calculate the remainder when y is divided by h.
34
Let o be 20/(2 - -2) + (-112)/(-2). Suppose -o*r - 66 = -64*r. Let j(q) = 58*q + 1. Calculate the remainder when j(3) is divided by r.
21
Let k(p) be the second derivative of -p**5/20 + p**4/4 - p**3/2 + 2*p**2 - 13*p. Let d be k(2). What is the remainder when 77 is divided by (d - 3)*128/(-8)?
13
Suppose -8*c + 3*c + 2*h = -17, -3*h - 3 = 0. Suppose 16*g - c*g - 1547 = 0. What is the remainder when g is divided by 31?
26
Suppose -25 + 205 = 4*l. What is the